44411624?
False
Does 1194 divide 230055144?
True
Is 20432160 a multiple of 72?
True
Is 37 a factor of 331531914?
True
Is 388691280 a multiple of 873?
False
Does 9 divide 117479250?
True
Is 9 a factor of 162215820?
True
Does 6597 divide 514757313?
True
Is 93 a factor of 44100229?
False
Is 1404 a factor of 161979480?
True
Does 1617 divide 133177737?
True
Is 194 a factor of 301759?
False
Does 29 divide 282311375?
True
Is 131563415 a multiple of 31?
False
Does 15 divide 38013630?
True
Does 401 divide 5881066?
True
Is 744538340 a multiple of 60?
False
Does 1259 divide 1869256185?
True
Is 73 a factor of 3745741?
False
Is 471 a factor of 436260264?
False
Is 44 a factor of 20548516?
False
Does 319 divide 126591322?
True
Is 271 a factor of 1007259575?
True
Does 1020 divide 1227471060?
True
Is 340854120 a multiple of 6810?
True
Does 2392 divide 209640770?
False
Is 22 a factor of 38039721?
False
Is 25 a factor of 226189300?
True
Is 131 a factor of 594242724?
True
Is 99 a factor of 4352566284?
True
Is 77 a factor of 3523116?
False
Is 127 a factor of 1450350125?
False
Is 1624 a factor of 5439167?
False
Is 127 a factor of 50302033?
True
Is 59 a factor of 126955216?
False
Is 2139139820 a multiple of 19?
False
Is 1431986184 a multiple of 4322?
False
Is 665 a factor of 249127194?
False
Does 32 divide 116946803?
False
Is 21496862 a multiple of 554?
True
Does 85 divide 521114924?
False
Does 15 divide 32834835?
True
Does 738 divide 41960466?
True
Does 693 divide 131314968?
False
Is 16 a factor of 133130880?
True
Does 3 divide 843178?
False
Does 31 divide 3832000379?
False
Does 1457 divide 23527636?
True
Is 86682116 a multiple of 17?
True
Does 2 divide 283913918?
True
Is 100 a factor of 49147800?
True
Is 6386854 a multiple of 4?
False
Does 14 divide 2011600662?
False
Is 349322136 a multiple of 124?
True
Is 48134270 a multiple of 635?
True
Is 531800836 a multiple of 1426?
False
Is 73 a factor of 774957013?
False
Is 1375729402 a multiple of 37?
False
Is 20348691 a multiple of 4?
False
Does 165 divide 373727337?
False
Is 689978509 a multiple of 3463?
True
Is 489958437 a multiple of 6457?
False
Is 16 a factor of 209811029?
False
Does 1563 divide 324710607?
False
Is 66 a factor of 6609042?
True
Is 262 a factor of 170788106?
True
Does 82 divide 332713606?
True
Is 202954679 a multiple of 140?
False
Is 41 a factor of 394556426?
False
Is 3485957241 a multiple of 785?
False
Is 89 a factor of 180032294?
False
Is 92965586 a multiple of 14?
True
Is 51637599 a multiple of 39?
True
Is 16 a factor of 51011099?
False
Does 27 divide 56286846?
True
Is 672 a factor of 9137856?
True
Is 1820 a factor of 175986443?
False
Is 74656971 a multiple of 336?
False
Does 24 divide 417931193?
False
Is 9726448 a multiple of 3?
False
Does 715 divide 191617855?
True
Is 348036880 a multiple of 6040?
True
Is 23 a factor of 142871998?
True
Does 206 divide 2136175726?
False
Is 303087471 a multiple of 58?
False
Is 6 a factor of 542562598?
False
Does 32 divide 174590752?
True
Is 2094 a factor of 22152426?
True
Does 821 divide 4970726?
False
Is 457955312 a multiple of 3407?
True
Is 825647017 a multiple of 53?
False
Is 8 a factor of 450006344?
True
Does 41 divide 37852266?
True
Is 664753570 a multiple of 5?
True
Does 6 divide 13139372?
False
Is 13243854 a multiple of 36?
False
Is 23330120 even?
True
Is 39 a factor of 1155426675?
True
Does 26 divide 368651790?
True
Is 318671251 a multiple of 177?
False
Does 10 divide 254883160?
True
Does 200 divide 110589200?
True
Does 20 divide 179074880?
True
Is 30 a factor of 66302426?
False
Is 223895895 a multiple of 43?
False
Is 219852583 a multiple of 1115?
False
Does 13 divide 13723126?
False
Is 526942992 a multiple of 55?
False
Does 251 divide 4175021301?
True
Does 39 divide 17431664?
False
Does 652 divide 85009064?
True
Is 54970023 a multiple of 30?
False
Is 264299531 a multiple of 15?
False
Does 141 divide 23926854?
True
Is 36193862 a multiple of 241?
True
Is 49 a factor of 2510050725?
True
Is 294660475 a multiple of 27?
False
Is 1087 a factor of 12654465?
False
Is 57 a factor of 8194491?
True
Is 20818560 a multiple of 32?
True
Is 2035 a factor of 264000550?
True
Is 1389 a factor of 71573781?
True
Is 96 a factor of 286008960?
True
Is 440717637 a multiple of 31?
False
Does 1588 divide 59564292?
True
Is 4118 a factor of 10801514?
True
Is 1125 a factor of 38312080?
False
Is 925020 a multiple of 81?
True
Is 62143849 a multiple of 3557?
False
Does 9 divide 28221372?
True
Is 1326 a factor of 154736507?
False
Is 194088472 a multiple of 54?
False
Does 172 divide 20943449?
False
Is 1256416 a multiple of 28?
True
Does 47 divide 190040082?
True
Does 30 divide 1703577840?
True
Does 82 divide 51921498?
True
Is 192 a factor of 772357632?
True
Is 66201333 a multiple of 440?
False
Does 70 divide 72841862?
False
Is 149118715 a multiple of 263?
False
Is 42 a factor of 1928569456?
False
Is 37 a factor of 40396416?
False
Is 2807586598 a multiple of 49?
False
Does 1167 divide 8535438?
True
Is 9 a factor of 1597874238?
True
Is 2 a factor of 10528504?
True
Does 661 divide 884482778?
True
Does 10 divide 847640?
True
Is 641669574 a multiple of 38?
False
Is 947277040 a multiple of 16?
True
Does 13 divide 282205534?
True
Is 2075 a factor of 1197278376?
False
Is 60 a factor of 70845120?
True
Is 1775969773 a multiple of 82?
False
Is 72874657 a multiple of 648?
False
Does 10 divide 27292830?
True
Is 392080172 a multiple of 45?
False
Is 50656618 a multiple of 622?
False
Does 34 divide 1752255110?
True
Does 2724 divide 11754245?
False
Is 323 a factor of 3870509?
True
Is 22300800 a multiple of 552?
True
Does 1281 divide 105886179?
True
Does 36 divide 8575740?
True
Is 16 a factor of 107149329?
False
Does 3900 divide 26594100?
True
Is 9798840 a multiple of 192?
False
Is 43215097 a multiple of 14?
False
Does 6 divide 44344208?
False
Is 47797771 a multiple of 965?
False
Is 89 a factor of 568466882?
False
Does 510 divide 24267361?
False
Does 91 divide 62410253?
False
Does 201 divide 583167679?
False
Is 350349186 a multiple of 22?
True
Does 39 divide 726328746?
True
Is 12 a factor of 51568728?
True
Is 1847 a factor of 1639919901?
True
Is 67 a factor of 475961878?
False
Does 4 divide 2363999?
False
Is 1243618131 a multiple of 1032?
False
Does 31 divide 1469337961?
False
Is 5 a factor of 25033436?
False
Does 102 divide 29687140?
False
Is 75253835 a multiple of 155?
False
Does 12 divide 15814374?
False
Is 119197516 a multiple of 304?
False
Is 910595550 a multiple of 775?
True
Is 237492301 a multiple of 4939?
False
Is 12 a factor of 575029800?
True
Is 689 a factor of 22105919?
False
Does 1818 divide 283882518?
True
Does 155 divide 1809458736?
False
Is 2 a factor of 23839343?
False
Is 503952024 a multiple of 1284?
True
Is 327390874 a multiple of 218?
True
Does 35 divide 2433932480?
True
Is 1116 a factor of 27500472?
True
Is 325 a factor of 147126850?
True
Is 14 a factor of 160654550?
True
Is 48861708 a multiple of 42?
True
Is 94 a factor of 1130928194?
True
Is 183566697 a multiple of 3449?
False
Is 59 a factor of 941360057?
False
Is 3428 a factor of 3370450736?
True
Does 29 divide 73293469?
True
Does 8 divide 1401829848?
True
Does 13352 divide 3844574880?
True
Does 31 divide 2182779750?
True
Does 1757 divide 4903787?
True
Is 27811410 a multiple of 710?
True
Is 379 a factor of 113767644?
False
Is 34 a factor of 15539421?
False
Does 15 divide 463462998?
False
Is 76294220 a multiple of 3825?
False
Is 125 a factor of 65436500?
True
Is 30890989 a multiple of 9?
False
Does 3 divide 2595097?
False
Is 917 a factor of 3550844997?
True
Does 15 divide 2794561?
False
Is 592 a factor of 315630128?
True
Is 235729664 a multiple of 592?
True
Does 52 divide 5465096?
True
Does 1936 divide 465450509?
False
Is 6390462 a multiple of 13?
True
Is 65792664 a multiple of 18?
True
Does 619 divide 11788244?
False
Is 156 a factor of 72433920?
True
Does 265 divide 191631040?
True
Does 3 divide 20003700?
True
Is 27372997 a multiple of 415?
False
Is 5188 a factor of 1792858664?
True
Is 3455126220 a multiple of 30?
True
Is 204641517 a multiple of 447?
True
Is 894 a factor of 82303319?
False
Is 224 a factor of 329418679?
False
Does 2299 divide 107910462?
True
Is 22 a factor of 9150372?
True
Does 52 divide 66037874?
False
Does 19 divide